{"id":136,"date":"2020-04-18T13:17:17","date_gmt":"2020-04-18T13:17:17","guid":{"rendered":"http:\/\/www.obalkydodalky.cz\/?post_type=product&#038;p=136"},"modified":"2026-03-02T14:25:01","modified_gmt":"2026-03-02T14:25:01","slug":"origami-medved","status":"publish","type":"product","link":"https:\/\/www.obalkydodalky.cz\/?product=origami-medved","title":{"rendered":"Pohlednice z kolekce &#8222;K Tob\u011b&#8220;"},"content":{"rendered":"<p>Pohlednice `Origami medv\u011bd` je vytvo\u0159en\u00e1 elektronickou kresbou a vyti\u0161t\u011bn\u00e1 na k\u0159\u00eddov\u00e9m pap\u00ed\u0159e.<\/p>\n<p>&nbsp;<\/p>\n","protected":false},"excerpt":{"rendered":"<blockquote><p>Kolekce &#8222;K Tob\u011b&#8220; do d\u00e1lky promlouv\u00e1 za\u00a0zamilovan\u00e9, cestovatele a v\u0161echny, kter\u00fdm se st\u00fdsk\u00e1&#8230;<\/p><\/blockquote>\n","protected":false},"featured_media":132,"comment_status":"open","ping_status":"closed","template":"","meta":{"jetpack_post_was_ever_published":false},"product_brand":[],"product_cat":[17],"product_tag":[],"class_list":{"0":"post-136","1":"product","2":"type-product","3":"status-publish","4":"has-post-thumbnail","6":"product_cat-viewcards","7":"pa_vel-p-pohlednice-standart","9":"first","10":"instock","11":"purchasable","12":"product-type-simple"},"jetpack_sharing_enabled":true,"_links":{"self":[{"href":"https:\/\/www.obalkydodalky.cz\/index.php?rest_route=\/wp\/v2\/product\/136","targetHints":{"allow":["GET"]}}],"collection":[{"href":"https:\/\/www.obalkydodalky.cz\/index.php?rest_route=\/wp\/v2\/product"}],"about":[{"href":"https:\/\/www.obalkydodalky.cz\/index.php?rest_route=\/wp\/v2\/types\/product"}],"replies":[{"embeddable":true,"href":"https:\/\/www.obalkydodalky.cz\/index.php?rest_route=%2Fwp%2Fv2%2Fcomments&post=136"}],"wp:featuredmedia":[{"embeddable":true,"href":"https:\/\/www.obalkydodalky.cz\/index.php?rest_route=\/wp\/v2\/media\/132"}],"wp:attachment":[{"href":"https:\/\/www.obalkydodalky.cz\/index.php?rest_route=%2Fwp%2Fv2%2Fmedia&parent=136"}],"wp:term":[{"taxonomy":"product_brand","embeddable":true,"href":"https:\/\/www.obalkydodalky.cz\/index.php?rest_route=%2Fwp%2Fv2%2Fproduct_brand&post=136"},{"taxonomy":"product_cat","embeddable":true,"href":"https:\/\/www.obalkydodalky.cz\/index.php?rest_route=%2Fwp%2Fv2%2Fproduct_cat&post=136"},{"taxonomy":"product_tag","embeddable":true,"href":"https:\/\/www.obalkydodalky.cz\/index.php?rest_route=%2Fwp%2Fv2%2Fproduct_tag&post=136"}],"curies":[{"name":"wp","href":"https:\/\/api.w.org\/{rel}","templated":true}]}}